- 4?
-74509428
In base 4, what is 23 - -22210113022?
22210113111
In base 8, what is 23114027 - -4?
23114033
In base 15, what is -3335 - 8ac?
-3be2
In base 4, what is 22 + 11320023310?
11320023332
In base 2, what is -11 - 100001000001111?
-100001000010010
In base 8, what is 514052 - -5774?
522046
In base 12, what is -4 + 961a90?
961a88
In base 13, what is 510149 + 19?
510165
In base 11, what is -2 - 1942687?
-1942689
In base 12, what is -917 + -64226?
-64b41
In base 10, what is 664596 + 0?
664596
In base 12, what is 830 - 6a17a?
-6954a
In base 6, what is 45205 - 12215?
32550
In base 15, what is -2 + -3e3439?
-3e343b
In base 15, what is 3b247 - 30?
3b217
In base 13, what is 1c22 - 1bb4?
3b
In base 14, what is 4aca6b3 - 2?
4aca6b1
In base 9, what is -556102877 - -2?
-556102875
In base 3, what is -12 + 202020222012222?
202020222012210
In base 12, what is 32b077 + -34?
32b043
In base 16, what is -511 - -1962?
1451
In base 7, what is -56000 - -12252?
-43415
In base 11, what is 2523074 - 5?
252306a
In base 12, what is 4 + -39b4154?
-39b4150
In base 16, what is 1f + 8761c?
8763b
In base 11, what is 9a9964 + 444?
9aa2a8
In base 11, what is 37852170 - -2?
37852172
In base 8, what is 33532531 + 0?
33532531
In base 2, what is 110000111100100 + -101101011?
110000001111001
In base 15, what is -ae1 + 5dc80?
5d18e
In base 13, what is 8cab + -2060?
6c4b
In base 13, what is -47586b63 + -2?
-47586b65
In base 9, what is -3206270 + -2?
-3206272
In base 15, what is -309e6 - a6?
-30a9c
In base 5, what is 112 - 322041233?
-322041121
In base 16, what is -2af - -2c9a0?
2c6f1
In base 7, what is -3413016 + -426?
-3413445
In base 14, what is -13450 + 170?
-132c0
In base 6, what is 2020102 - 1310?
2014352
In base 5, what is -214403034301 + 3?
-214403034243
In base 8, what is 232055 + 24?
232101
In base 5, what is -4341 - 40431140?
-40441031
In base 4, what is 121132 - -13230?
201022
In base 11, what is -3696a8 - -19?
-36968a
In base 9, what is -5 - 224614142?
-224614147
In base 15, what is -2cdc + 97?
-2c45
In base 15, what is -51e - 11086?
-115a5
In base 2, what is -1011101011110 + 1110111?
-1011011100111
In base 14, what is 2 - -1dc53c?
1dc540
In base 9, what is -4 + 2888035?
2888031
In base 4, what is 0 - -22210030122?
22210030122
In base 3, what is 1 - 10201021202012210?
-10201021202012202
In base 16, what is -1 - 9cc947?
-9cc948
In base 15, what is -1 - 263938?
-263939
In base 14, what is 90cb - -1b80?
ac6b
In base 4, what is 231221020 + 33022?
231320102
In base 14, what is -d - -12cca28?
12cca19
In base 6, what is -24023222 + -1?
-24023223
In base 15, what is -1012969 + -e?
-1012978
In base 9, what is 3377763 - -4?
3377767
In base 5, what is 1040 + -120201142?
-120200102
In base 12, what is 45086226 - 5?
45086221
In base 4, what is 121030310 + 2201?
121033111
In base 7, what is 42265 - 16412?
22553
In base 9, what is 102413447 - -5?
102413453
In base 8, what is -7 - 22455131?
-22455140
In base 4, what is -10302133210 - 22?
-10302133232
In base 14, what is 4d5bbc + 10?
4d5bcc
In base 15, what is -327e11 + -2?
-327e13
In base 13, what is -82bc + -9085?
-14374
In base 8, what is 22 - 617643?
-617621
In base 5, what is -4234 - 131443?
-141232
In base 2, what is -1110000 - -100100100111101?
100100011001101
In base 8, what is 72365 + 53?
72440
In base 5, what is -223 + -2100323?
-2101101
In base 6, what is 14120 - -11533440?
11552000
In base 3, what is -20 + 101121111021212?
101121111021122
In base 2, what is -1001111010100011110000101111 + -1?
-1001111010100011110000110000
In base 16, what is -90f7 + -d09?
-9e00
In base 6, what is 40 - -1303134555?
1303135035
In base 6, what is -3121503 - 20?
-3121523
In base 8, what is 606307 + -1?
606306
In base 4, what is -30111100 - 10112?
-30121212
In base 12, what is -1244a93 + -a?
-1244aa1
In base 5, what is -2304324241401 - 0?
-2304324241401
In base 12, what is 1b10 - -185a?
376a
In base 9, what is 55 + -3127645?
-3127580
In base 12, what is -151 - 52b214?
-52b365
In base 11, what is 260 + -239025?
-238875
In base 10, what is 5208258 + 1?
5208259
In base 9, what is 20653126 - -3?
20653130
In base 16, what is 33ea8 + 21?
33ec9
In base 12, what is -650418 - -56?
-650382
In base 4, what is 1133 + -1123230312?
-1123223113
In base 10, what is -9657 + 79?
-9578
In base 12, what is -3b59 + 32b8?
-861
In base 9, what is 4 + 27540512?
27540516
In base 3, what is -21101120110 + -212?
-21101121022
In base 8, what is -2654106 + -76?
-2654204
In base 15, what is 19e4c4 + 9?
19e4cd
In base 5, what is -11 + 110042003001?
110042002440
In base 6, what is -1144411 - -105554?
-1034413
In base 10, what is 424 + 229550?
229974
In base 13, what is -2bb - 18041?
-1832c
In base 6, what is 5152455 + 202?
5153101
In base 6, what is 51004135155 + 5?
51004135204
In base 6, what is 14551032 + -5320?
14541312
In base 3, what is -2 + -20221110001?
-20221110010
In base 8, what is 133477 - 555?
132722
In base 5, what is -11040 + -13223242?
-13234332
In base 4, what is -312 + -11102233?
-11103211
In base 15, what is -29ed5a8 + 1?
-29ed5a7
In base 2, what is -1100110101100 - 10010010001111?
-11111000111011
In base 7, what is -3661 + 424606?
420615
In base 15, what is -3560133 + 2?
-3560131
In base 3, what is -22120 + -1020001102?
-1020100222
In base 12, what is -64 + 57a102?
57a05a
In base 2, what is -10 + -10000011010010100001110?
-10000011010010100010000
In base 2, what is 0 - -10001101011011001101?
10001101011011001101
In base 13, what is -30 + 3b09a56?
3b09a26
In base 9, what is 2 + 603721?
603723
In base 16, what is 2 + 14c65f?
14c661
In base 7, what is -55 + -2336503?
-2336561
In base 6, what is 235444 - 2202?
233242
In base 5, what is 1041410 + -3002234?
-1410324
In base 13, what is 7a - -17143b?
1714b8
In base 13, what is -1 + -60cccb?
-60cccc
In base 7, what is -32052 - -2022?
-30030
In base 4, what is 11 - -112333210033?
112333210110
In base 6, what is 1 + 50334401?
50334402
In base 12, what is -12 - -119604?
1195b2
In base 2, what is 1101011011110100010 + -10001?
1101011011110010001
In base 2, what is 10000100110011011011 + 11010010?
10000100110110101101
In base 6, what is 12 - -1033143030?
1033143042
In base 8, what is 1071630 - -1262?
1073112
In base 2, what is 100001010111 - 110000001111100010?
-101111101110001011
In base 12, what is 9537a5 - -4?
9537a9
In base 6, what is 4 - 404000052?
-404000044
In base 10, what is 95190193 + 10?
95190203
In base 11, what is -493 - -474?
-1a
In base 11, what is 4589954 + 41?
4589995
In base 6, what is 1012 - 211054?
-210042
In base 10, what is -4709730 - -2?
-4709728
In base 12, what is 0 - -16555843?
16555843
In base 7, what is -26116 - -2045?
-24041
In base 8, what is -11 + -24064474?
-24064505
In base 8, what is 6736 - -17070?
26026
In base 6, what is 13 - -13052121?
13052134
In base 3, what is 2021002102 - -12022?
2021021201
In base 13, what is 6a518 - 1b?
6a4ca
In base 7, what is 10535 - 10233?
302
In base 3, what is 112200212220 + -2012?
112200210201
In base 8, what is -221575463 - 2?
-221575465
In base 13, what is -ba18 - 1159?
-cb74
In base 6, what is 5535122301 + 3?
5535122304
In base 16, what is 7a + 258845?
2588bf
In base 2, what is -111010100110 - -1101011000000?
110000011010
In base 3, what is -2000102022 + 211?
-2000101111
In base 8, what is 125575 + 464?
126261
In base 13, what is 7c371b2 + -2?
7c371b0
In base 7, what is 2263555455 + 4?
2263555462
In base 12, what is 6a125 + 423?
6a548
In base 2, what is -10101100110 - 10010101000100?
-10101010101010
In base 13, what is 2 - -213469?
21346b
In base 16, what is -9483 - 17ed?
-ac70
In base 14, what is -10263 + -122?
-10385
In base 8, what is -133211041 - -5?
-133211034
In base 12, what is -336 - -a8496?
a8160
In base 11, what is 116546143 - -5?
116546148
In base 16, what is 11 - -90b0b?
90b1c
In base 12, what is 23b3 - a069?
-7876
In base 7, what is -30652 + 12044?
-15605
In base 13, what is 4b7 - 4281?
-3a97
In base 3, what is -100100111200 - -200?
-100100111000
In base 3, what is -22122200001201 + 12?
-22122200001112
In base 14, what is 5 + a921c?
a9223
In base 10, what is -209 - -1867?
1658
In base 9, what is 17604 - -144?
17748
In base 15, what is -1 + -4cdaa07?
-4cdaa08
In base 9, what is -135 - -1651413?
1651267
In base 13, what is 53cc1 - 16?